-12 + 4 - -2) + 4246 + -4257
-17
Calculate -46 + 34 + -4 + (-39 - 8).
-63
Evaluate 23 + -9 + (-33 - -20) + -69 - (1 + -5).
-64
What is -79 + 78 + -29 + 71?
41
Calculate -20 + 58 + -38 + (-9 - 1).
-10
-42 + -17 + (-21 - (-1 + -33 + 11))
-57
What is (-124 - 3) + (92 - (111 + -52))?
-94
What is the value of (-3 - 1) + 98 - (13 + 18 - 11)?
74
What is -1162 + 1235 + (11 - 3)?
81
What is 638 + -634 + (-1 - 0)?
3
Calculate 30 + (-8 - (-28 + 22) - 6).
22
Evaluate 12 + (18 - (-1 - -8) - -15) + -4.
34
-2 + -11 - (9 - (-13 + 15 + -12 + -4))
-36
What is the value of 7 - ((7 - -2 - (-101 + 105)) + (3 - 2))?
1
What is -73 - (1 + 45 + 0 + -24)?
-95
Calculate 70 - -100 - (-305 + 457).
18
What is (17 - (15 - -6) - (6 + -4 + 1)) + -6?
-13
Calculate 12 + -3 + -18 - -43 - (-58 - -44).
48
Evaluate 9 + (-1 + -1 - (64 - 68)).
11
What is (-6 - -11) + -87 + 100?
18
What is (31 - 17) + (-26 - -1) + -282 + 304?
11
Calculate (76 - (55 + (-11 - 20))) + (2 - -14).
68
Evaluate 2 + -3 + (11 - -24 - (-4 + -27)).
65
Evaluate 10 - ((2 - (-2 + -4)) + (44 - 46 - 18)).
22
(-16 + (24 - 1) - -65) + -14
58
What is (14 - (2 - -8)) + -15 + -17 + 57?
29
Evaluate 64 + (5 - -6 - -10) + (43 - 51).
77
What is the value of 34 + 88 + -230 + 120?
12
7 + 17 + 1 + -19 + (6 - 89)
-77
62 - (18 + -21) - ((-16 - 8) + 6)
83
Evaluate 87 + -55 - -10 - 3.
39
What is the value of -2 - (2 + ((-12 - -8) + 40 - -13))?
-53
Evaluate 510 + -455 - (115 - 6).
-54
15 + -5 + (-19 - (10 - -2 - 1))
-20
Calculate 13 - (-42 + 18 + 4 + -1).
34
15 + -5 + -5 + 56 + 83 + -94
50
What is (102 + -81 - (-3 - -51)) + -25?
-52
Evaluate -20 + 31 - 18 - (-28 + -4 + 6).
19
Calculate 5 + (-2 - 31) + -3 + 18 + -8.
-21
What is -53 - (-41 - 61 - -37)?
12
Evaluate (-128 - (37 - 25)) + (-16 - -30).
-126
Calculate 8425 + -8357 + (-114 - 1).
-47
What is the value of (-14 - 25) + 49 - (0 + 61 + (-1 - -5))?
-55
What is the value of (-21 - 1) + 3 + -1 - -33?
13
Evaluate -6 - -1 - (13 + 7) - -30.
5
What is -118 + (-10 - (-61 + 23) - 17)?
-107
-120 + 176 + (2 - (-5 - (-4 - 13)))
46
What is -109 - (14 + -41 + -21)?
-61
What is the value of (-12 - 7 - -20) + (-4 - 22)?
-25
What is 20 + 4 + -2 + -10 + 16 - (-19 - -9)?
38
What is the value of -8 + (14 - -2) + -3 + -33?
-28
What is (7 - -23) + 6 + (2 + (16 - 0) - 7)?
47
6 - 21 - ((-392 - -411) + (-2 - 40))
8
-14 + (-45 + 16 - (-7 - -5))
-41
Calculate 86 - (-10 + -90 + 141).
45
(-3 - -24) + (-5 - 3) - 77 - (-4 - -1)
-61
Evaluate 3 + (-1 - (0 - 1)) + 7 + 7.
17
What is the value of -32 + -5 + 13 + -47 + 49?
-22
Calculate (101 - (-19 - -24) - 14) + -2 + -9 + -2.
69
What is -3 + 2 + -7 - ((137 - 175) + 20)?
10
5 + 69 + -67 + 44
51
Calculate (7 - 11) + (0 - -11) - -4 - (8 - 16).
19
What is the value of (-13 - (-12 + -13) - -6) + 5?
23
-8 + (-126 + 52 - -89)
7
Evaluate -6 + (-3 - -28 - 46 - (-81 + 0)).
54
What is -10 + -2 - (-48 - -42) - -3?
-3
Calculate (-22 - -58 - 25) + 29.
40
(-6 - (-25 + 6)) + -364 + 360
9
Evaluate -4 + (-6 - (-1 + 12 + 32 + (-43 - 1))).
-9
Calculate 130 - 126 - (-15 + 5 + (-3 - -11) + -13).
19
Calculate -5 + 7 + -3 + 2 + (-33 - 30).
-62
What is -44 - ((-4 - -1 - -22) + (32 - 31) - 8)?
-56
Evaluate 88 + -39 + -6 + 7.
50
What is the value of 60 + 18 + -51 - 24?
3
222 + -207 + 41 + 59
115
What is the value of (13 + (21 - 34) - (-64 + -1)) + (-24 - -23)?
64
Calculate -72 - (30 + -170 - -6).
62
Calculate -45 + 25 - -20 - (-14 + 3 - -7).
4
What is the value of -400 - -337 - (-4 - (14 + -63))?
-108
Evaluate -11 - (1 + -1 + 9 + (256 - 324)).
48
Evaluate (-125 - -12) + (-11 - -10 - 27) + 15.
-126
What is -61 - (-3 + 38 - 41) - -25?
-30
Evaluate 6 + (-45 - -33) + -29.
-35
What is the value of ((7 - 37) + 11 - 5) + 26?
2
Calculate -3 + -9 + 5 + 1 + (0 - (-16 + -7)).
17
What is (-6 - (-12 - (-7 + -5))) + (-4 - 0 - 6)?
-16
24 + -18 + -26 + 16 - (-10 - 1)
7
Evaluate 21 - (16 + -16) - ((-2 - -2) + -1 + 11).
11
What is 24 - -10 - (-14 + 26) - 31?
-9
What is 0 + (16 - -8) + -30 + -8?
-14
32 + (90 - (161 - 49))
10
Calculate -37 + (-21 - -63) + (-4 - 1).
0
What is -61 - (19 - 58) - (-8 - (5 + -78))?
-87
What is -292 - -288 - (-14 + -4)?
14
What is the value of 13 + (-8 - -8) - (-59 - -33)?
39
(-5 - ((-4 - -6) + (35 - 39))) + (4 - -15)
16
-39 + 3 + 12 + (8 - 0) + -16
-32
(9 + 12 - 55) + -59 + 7
-86
Calculate 652 + -463 - 198 - (-83 + 0 + -1).
75
Calculate 63 + -39 + (-41 - 18).
-35
What is 3 + 1 + 97 + -99 + -42 + (7 - 10)?
-43
Calculate 49 + (4 - 6 - 7 - (-1 - -7)).
34
Calculate -2 + 19 + (39 + -8 - 70).
-22
Calculate (-9 + -38 - (164 - 199)) + (1 - -111).
100
Calculate (40 - 32) + 3 + -4 - (11 - (16 - 0)).
12
What is -88 - (27 + (12 - (70 - -1)))?
-56
Calculate -5 - ((2 - 1 - (-1 + -24)) + 45 + -32).
-44
What is the value of (8 - 2 - 9 - -13) + 13 + (-20 - -107)?
110
Evaluate -22 - -55 - 57 - (25 + -8).
-41
What is 7 - (6 - -32) - (6 + (-1 - 6) + 11)?
-41
2 + -11 - (-51 + (5 + (-3 - -9) - 4))
35
Evaluate (125 - -1) + (-397 - -204) + 190.
123
What is 20 - (-10 + 50 + 8)?
-28
46 + (0 - 8 - (25 + -51 - -19) - -7)
52
What is 369 + -395 - (61 - -1) - (6 - 5)?
-89
What is (0 - 8) + -3 - ((-50 - -52) + 5 + -2)?
-16
What is (-15 - (-8 - -7)) + (52 - 47) + -12?
-21
Evaluate -7 - (33 - -22 - 53).
-9
65 + -64 - -5 - (19 - 0) - 42
-55
Calculate 33 + 24 + 6 + -58 + 48.
53
What is the value of (1 - -1) + (-2 - -111) - (-12999 + 13006)?
104
-4 - ((-8 + 6 - -1) + (0 - 44))
41
What is the value of (85 - (-4 - -9)) + (9 + 19 - 21) + -15?
72
Calculate 5 + -21 + (5 - 4 - -16 - 16).
-15
41 + -3 + -15 + (-5 - 63)
-45
What is the value of -23 + (60 - (-6 + (28 - 22)))?
37
3700 + -3676 - (2 - 41 - 5)
68
Evaluate -101 + (4 + -1 - (-9 - -15)) - (27 - 40).
-91
What is the value of (15 - (-19 - 9 - -65)) + 59?
37
Evaluate (8 - 21) + -65 + (5 - -17 - 13).
-69
What is (1425 - 1344) + (0 - 68)?
13
Evaluate 44 + -9 + 28 + -28 + 10 - 2.
43
Evaluate (35 - 22) + (-9 - (-2 - 6)).
12
What is -41 + (160 - (8 + 9))?
102
What is the value of (-20 - -6) + (0 - -7) + (11 - 23)?
-19
What is the value of 16 - 26 - (28 + (4 - 21))?
-21
What is 30 + -11 - 20 - (72 - 62)?
-11
Evaluate 32 + (-36 - -34 - 32).
-2
Evaluate (-14 + 81 - 52 - (7 - 1)) + -87.
-78
(-71 - -73) + 5 + 22 + -5 - (-1 + -9)
34
Evaluate 29 + (-914 + 941 - (12 + 1)).
43
-2 + -3 + 2 + (-30 - (-44 - 3))
14
What is -114 - -51 - (2 - 70)?
5
Calculate 77 - (98 - (104 - 101)).
-18
Evaluate (21 - (-64 - -23)) + (-2 - (7 - (3 + -1))).
55
What is 43 + (-18 - -4) - (-14 - (-4 + 5))?
44
What is the value of -30 - (-11 - (-14 - (-14 - (-2 + -3))))?
-24
Calculate (-5 - (-78 - -116)) + -27.
-70
Evaluate 10 + (-33 - (-13 - (-4 + (-9 - -18)) - -6)).
-11
Calculate -47 + 19 - -18 - 6 - (-9 + -56).
49
Calculate (-1 - 1) + -2 + (-218 - -153) + 159.
90
Evaluate 55 + -51 + 26 + 14.
44
Calculate 23 - ((-17 - -29) + -16 - (-6 - 10)).
11
What is (-32 - (17 + -31) - -14) + 33?
29
Evaluate (-18 - (12 + -15 - -13) - -3) + (3 - -7).
-15
What is the value of (11 - 25) + 31 - (-26 - 4)?
47
What is -41 + (64 - 35) - (-5 - ((5 - 6) + -5))?
-13
What is the value of 1 + (17 - 0) + 279 + -284 + 337 + -312?
38
Evaluate 60 - (-4 - -66 - -43).
-45
What is the value of (0 - 9) + (157 - 109) - 3?
36
Calculate 30 + 18 + -40 - (-41 + -70).
119
Calculate (-18 - -12) + -4 + 15 + -24.
-19
What is 9 + (15 + -15 + -75 + 12 - (-5 - 2))?
-47
What is the value of (-17 - 4) + 32 + -2 + 48 - 14?
43
What is 21 + -12 - -25 - (-11 - -8)?
37
-13 - (1804 - 1744 - (1 + -18))
-90
Evaluate 27 + 3 - ((3 - -28) + 13).
-14
-25 - 5 - (-10 - (-3 - -10))
-13
1 + -11 + (85 - 41 - 32)
2
Evaluate 37 + (-18 - (40 - 5)).
-16
734 + -682 + 0 + 0 + -20
32
What is the value of 25 + 21 + 2 + -66 + -15?
-33
What is (-111 - -85) + (12 - (-13 - -12))?
-13
What is the value of (-1 - 11) + -1784 + 1843 + (2 - 37)?
12
Calculate 14 - ((7 - -25) + -48).
30
What is -429 - -323 - (-38 + 2)?
-70
Evaluate 26 + -9 + -15 - (-9 - 94).
105
-18 + (-34 - -5) + 69
22
Evaluate -1 - -88 - (-83 + 52 - -50).
68
(-50 - 2) + (-198 - -209)
-41
Calculate -1020 - -1045 - (-21 + 4).
42
What is the value of -8 + (-52 - -7 - (-3 + -5)) + -5?
-50
(-28 - ((-8 - 4) + 24)) + 9
-31
What is the value of 31 + (-27 - (-32 - -45)) - (0 - 1)?
-8
Evaluate 1 - -19 - (-947 - -941).
26
Calculate (64 + 102 - 78) + 2.
90
What is the value of 4 + 1 + 18 + (70 - 84) + 49?
58
(-39 - -41 - -28) + 17
